{"id":108,"date":"2009-09-23T07:37:43","date_gmt":"2009-09-23T14:37:43","guid":{"rendered":"http:\/\/masfuertequeelhierro.com\/blog\/?page_id=108"},"modified":"2020-10-12T07:52:37","modified_gmt":"2020-10-12T14:52:37","slug":"entrenamientos","status":"publish","type":"page","link":"https:\/\/masfuertequeelhierro.com\/blog\/entrenamientos\/","title":{"rendered":"Entrenamientos"},"content":{"rendered":"<div>En esta secci\u00f3n se recopilan rutinas y sistemas de entrenamiento en culturismo y musculaci\u00f3n. Tambi\u00e9n hay lugar para rutinas de entrenamiento de fuerza.<\/div>\n<div><\/div>\n<div><a href=\"https:\/\/masfuertequeelhierro.com\/blog\/2020\/10\/empujon-tiron-pierna-push-pull-legs-para-masa-muscular\/\">Entrenamiento empuj\u00f3n, tir\u00f3n, pierna<\/a><\/div>\n<p><a href=\"https:\/\/www.masfuertequeelhierro.com\/blog\/2017\/05\/el-programa-mr-universo-de-32-semanas-de-reg-park\/\">El programa Mr. Universo de 32 semanas de Reg Park<\/a><\/p>\n<p><a href=\"https:\/\/www.masfuertequeelhierro.com\/blog\/2017\/04\/entrenamiento-clasico-de-john-grimek\/\">Entrenamiento cl\u00e1sico de John Grimek<\/a><\/p>\n<p><a href=\"https:\/\/www.masfuertequeelhierro.com\/blog\/2016\/06\/calistenia-convict-conditioning-revisado-rutina-progresiva-con-peso-corporal\/\">Rutina con peso corporal convict conditioning REVISADO<\/a><\/p>\n<p><a href=\"https:\/\/www.masfuertequeelhierro.com\/blog\/2016\/11\/entrenamiento-pushpull-tiron-empujon-basico\/\">Entrenamiento Push\/Pull (Tir\u00f3n\/Empuj\u00f3n)<\/a><\/p>\n<p><a href=\"https:\/\/www.masfuertequeelhierro.com\/blog\/2016\/08\/entrenamiento-bulldozer-principios-basicos\/\">Entrenamiento Bulldozer. Principios b\u00e1sicos.<\/a><\/p>\n<p><a href=\"https:\/\/www.masfuertequeelhierro.com\/blog\/2016\/04\/el-entrenamiento-5trm-para-sentadillas\/\">Rutina 5RTM para un ejercicio<\/a><\/p>\n<p><a href=\"https:\/\/www.masfuertequeelhierro.com\/blog\/2016\/02\/el-entrenamiento-fuerza-masa-efm\/\">Entrenamiento Fuerza Masa (EFM)<\/a><\/p>\n<p><a href=\"https:\/\/www.masfuertequeelhierro.com\/blog\/2016\/01\/rutina-6-yunques-fuerza-con-frecuencia-alta\/\">Rutina de fuerza de 6 d\u00edas a la semana \u00ab6 Yunques\u00bb<\/a><\/p>\n<p><a href=\"https:\/\/www.masfuertequeelhierro.com\/blog\/2014\/06\/entrenamiento-fullbody-clasico-mfqh\/\">Entrenamiento Fullbody Cl\u00e1sico MFQH<\/a><\/p>\n<p><a href=\"https:\/\/masfuertequeelhierro.com\/blog\/2020\/08\/entrenamiento-con-bandas-elasticas-de-resistencia\/\">Entrenamiento con bandas el\u00e1sticas<\/a><\/p>\n<p><a href=\"https:\/\/www.masfuertequeelhierro.com\/blog\/2016\/01\/como-conseguir-un-fisico-parecido-al-de-bruce-lee\/\">Rut\u00edna \u00abF\u00edsico BRUCE LEE\u00bb<\/a><\/p>\n<p><a href=\"https:\/\/www.masfuertequeelhierro.com\/blog\/2015\/05\/rutina-de-ultra-basicos-basicos-levantamientos-olimpicos\/\">Rutina de ultra-b\u00e1sicos<\/a><\/p>\n<p><a href=\"https:\/\/www.masfuertequeelhierro.com\/blog\/2014\/12\/rutina-de-entrenamiento-de-2-dias-a-la-semana-dos-alternativas\/\">Rutina de entrenamiento de dos d\u00edas a la semana. Dos alternativas.<\/a><\/p>\n<p><a href=\"https:\/\/www.masfuertequeelhierro.com\/blog\/2014\/08\/el-entrenamiento-de-20-repes-de-sentadilla-20-rep-squat\/\">El entrenamiento de 20 repes de sentadilla<\/a><\/p>\n<p><a href=\"https:\/\/www.masfuertequeelhierro.com\/blog\/2014\/08\/the-rock-dwayne-johnson-supuesta-rutina-de-entrenamiento-y-comidas\/\">Entrenamiento de \u00abLa Roca\u00bb Dwayne Johnson<\/a><\/p>\n<p><a href=\"https:\/\/www.masfuertequeelhierro.com\/blog\/?p=4459&amp;preview=true\">El Entrenamiento PLP de 60 d\u00edas<\/a><\/p>\n<p><a href=\"https:\/\/masfuertequeelhierro.com\/blog\/2020\/08\/entrenamiento-de-calistenia-para-boxeo\/\">Entrenamiento de calistenia para boxeo<\/a><\/p>\n<p><a href=\"https:\/\/masfuertequeelhierro.com\/blog\/?p=14\">EDT: Escalating Density Training (entrenamiento de densidad escalada)<\/a><\/p>\n<p><a href=\"https:\/\/www.masfuertequeelhierro.com\/blog\/2013\/05\/recopilacion-de-rutinas-full-body\/\">Full Body (Cuerpo Completo): Recopilaci\u00f3n de Rutinas<\/a><\/p>\n<p><a href=\"https:\/\/www.masfuertequeelhierro.com\/blog\/2013\/09\/coleccion-de-rutinas-torso-pierna\/\">Torso &#8211; Pierna: Recopilaci\u00f3n de Rutinas<\/a><\/p>\n<p><a href=\"https:\/\/www.masfuertequeelhierro.com\/blog\/2010\/09\/entrenamiento-edt-fase-2\/\">Entrenamiento EDT Fase 2<\/a><\/p>\n<p><a href=\"https:\/\/masfuertequeelhierro.com\/blog\/?p=12\">El ABBH1 de Chad Waterbury<\/a><\/p>\n<p><a href=\"https:\/\/www.masfuertequeelhierro.com\/blog\/2006\/11\/hst-hypertrophy-specific-training\/\">HST &#8211; Hypertrophy Specific Training (Entrenamiento espec\u00edfico de hipertrofia)<\/a><\/p>\n<p><a href=\"https:\/\/masfuertequeelhierro.com\/blog\/2010\/01\/entrenamiento-de-manos-y-agarre-para-principiantes\/\">Entrenamiento de manos y agarre para principiantes<\/a><\/p>\n<p><a href=\"https:\/\/www.masfuertequeelhierro.com\/blog\/2009\/11\/rutina-para-ectomorfos-extremos\/\">Rutina para ectomorfos extremos<\/a><\/p>\n<p><a href=\"https:\/\/masfuertequeelhierro.com\/blog\/?p=10\">Entrenamiento de alta intensidad: Heavy Duty<\/a><\/p>\n<p><a href=\"https:\/\/masfuertequeelhierro.com\/blog\/?p=25\">El 5&#215;5 de Bill Starr (Versi\u00f3n Madcow)<\/a><\/p>\n<p><a href=\"https:\/\/www.masfuertequeelhierro.com\/blog\/2011\/09\/el-5x5-mfqh-levanta-empuja-y-trepa\/\">El 5&#215;5 MFQH: Levanta, Empuja y Trepa<\/a><\/p>\n<p><a href=\"https:\/\/www.masfuertequeelhierro.com\/blog\/2013\/08\/el-5x5-original-de-reg-park\/\">El 5&#215;5 Original de Reg Park<\/a><\/p>\n<p><a href=\"https:\/\/masfuertequeelhierro.com\/blog\/?p=31\">Entrenamiento espec\u00edfico de brazos: biceps y triceps<\/a><\/p>\n<p><a href=\"https:\/\/www.masfuertequeelhierro.com\/blog\/2014\/11\/una-forma-brutalmente-simple-de-obtener-brazos-grandes\/\">Una forma simple de obtener brazos grandes<\/a><\/p>\n<p><a href=\"https:\/\/masfuertequeelhierro.com\/blog\/?p=34\">Entrenamiento de cuerpo completo en casa<\/a><\/p>\n<p><a href=\"https:\/\/masfuertequeelhierro.com\/blog\/?p=43\">El m\u00e9todo Tabata<\/a><\/p>\n<p><a href=\"https:\/\/masfuertequeelhierro.com\/blog\/?p=45\">Rutina de 4 d\u00edas estilo Weider<\/a><\/p>\n<p><a href=\"https:\/\/masfuertequeelhierro.com\/blog\/?p=48\">El m\u00e9todo Dogg Crapp<\/a><\/p>\n<p><a href=\"https:\/\/masfuertequeelhierro.com\/blog\/?p=52\">El m\u00e9todo Max-Stimulation (Max-Sti)<\/a><\/p>\n<p><a href=\"https:\/\/masfuertequeelhierro.com\/blog\/?p=62\">Westside Barbell para culturistas<\/a><\/p>\n<p><a href=\"https:\/\/masfuertequeelhierro.com\/blog\/?p=73\">Entrenamiento de Hipertrofia con escaleras<\/a><\/p>\n<p><a href=\"https:\/\/masfuertequeelhierro.com\/blog\/?p=75\">DFHT: Dual Factor Hypertrophy Training<\/a><\/p>\n<p><a href=\"https:\/\/www.masfuertequeelhierro.com\/blog\/2013\/06\/brazos-mas-grandes-bill-starr\/\">Brazos Grandes (Bill Starr)<\/a><\/p>\n<p><a href=\"https:\/\/masfuertequeelhierro.com\/blog\/?p=80\">Entrenamiento con pesas para principiantes<\/a><\/p>\n<p><a href=\"https:\/\/masfuertequeelhierro.com\/blog\/?p=85\">Entrenando las piernas: 6 Ejercicios a tener en cuenta<\/a><\/p>\n<p><a href=\"https:\/\/www.masfuertequeelhierro.com\/blog\/2012\/11\/rutina-simple-con-peso-corporal\/\">Rutina Simple con Peso Corporal<\/a><\/p>\n<p><a href=\"https:\/\/www.masfuertequeelhierro.com\/blog\/2014\/03\/rutinas-de-calistenia-peso-corporal-por-niveles\/\">Rutinas de calistenia (peso corporal) por niveles<\/a><\/p>\n<p><a href=\"https:\/\/www.masfuertequeelhierro.com\/blog\/2014\/11\/rutina-de-entrenamiento-de-frank-medrano\/\">Rutina de entrenamiento de Frank Medrano<\/a><\/p>\n<p><a href=\"https:\/\/masfuertequeelhierro.com\/blog\/?p=89\">Biceps: Curl alterno de tensi\u00f3n constante<\/a><\/p>\n<p><a href=\"https:\/\/masfuertequeelhierro.com\/blog\/?p=90\">Myo-reps: otra forma de entrenar<\/a><\/p>\n<p><a href=\"https:\/\/masfuertequeelhierro.com\/blog\/?p=95\">Rutina de volumen reducido (Ectomorfos y definici\u00f3n)<\/a><\/p>\n<p><a href=\"https:\/\/masfuertequeelhierro.com\/blog\/?p=97\">Grease the groove-GTG. Mejora un ejercicio sin usar una rutina<\/a><\/p>\n<p><a href=\"https:\/\/masfuertequeelhierro.com\/blog\/2009\/09\/rutina-basica-ab-musculo-con-frecuencia-media-de-entreno\/\">Rutina b\u00e1sica A\/B: m\u00fasculo con frecuencia media de entreno<\/a><\/p>\n<p><a href=\"https:\/\/masfuertequeelhierro.com\/blog\/2009\/10\/brazos-fuertes-y-funcionales-biceps-y-triceps\/\">Brazos fuertes y funcionales: Biceps y triceps<\/a><\/p>\n<p><a href=\"https:\/\/masfuertequeelhierro.com\/blog\/2009\/10\/entrenamiento-con-repeticiones-unicas-singles-para-fuerza\/\">Entrenamiento con repeticiones \u00fanicas (singles) para fuerza<\/a><\/p>\n<p><a href=\"https:\/\/masfuertequeelhierro.com\/blog\/2009\/10\/como-ser-mas-fuerte-el-metodo-531\/\">C\u00f3mo ser m\u00e1s fuerte: El m\u00e9todo 5\/3\/1<\/a><\/p>\n<p><a href=\"https:\/\/masfuertequeelhierro.com\/blog\/2009\/11\/rutina-para-ectomorfos-extremos\/\">Rutina para ectomorfos extremos<\/a><\/p>\n<p><a href=\"https:\/\/masfuertequeelhierro.com\/blog\/2009\/12\/el-metodo-tejano-para-levantadores-intermedios\/\">El m\u00e9todo tejano (texas method) para levantadores intermedios<\/a><\/p>\n<p><a href=\"https:\/\/masfuertequeelhierro.com\/blog\/2009\/12\/metodo-dogg-crapp-actualizacion\/\">M\u00e9todo Dogg Crapp: Actualizaci\u00f3n<\/a><\/p>\n<p><a href=\"https:\/\/masfuertequeelhierro.com\/blog\/2010\/01\/entrenamiento-de-manos-y-agarre-para-principiantes\/\">Entrenamiento de manos y agarre para principiantes<\/a><\/p>\n<p><a href=\"https:\/\/www.masfuertequeelhierro.com\/blog\/2010\/02\/ciclo-de-fuerza-de-6-semanas\/\">Ciclo de fuerza de 6 semanas<\/a><\/p>\n<p><a href=\"https:\/\/www.masfuertequeelhierro.com\/blog\/2010\/02\/el-entrenamiento-aleman-de-volumen\/\">El Entrenamiento Alem\u00e1n de Volumen<\/a><\/p>\n<p><a href=\"https:\/\/www.masfuertequeelhierro.com\/blog\/2010\/03\/incrementa-tus-dominadas-en-tiempo-record\/\">Incrementa tus dominadas en tiempo record<\/a><\/p>\n<p><a href=\"https:\/\/www.masfuertequeelhierro.com\/blog\/2010\/04\/aprendiendo-los-levantamientos-olimpicos-recopilacion\/\">Aprendiendo los levantamientos ol\u00edmpicos<\/a><\/p>\n<p><a href=\"https:\/\/www.masfuertequeelhierro.com\/blog\/2010\/04\/consejos-de-entrenamiento-por-pauline-nordin\/\">Consejos de entrenamiento por Pauline Nordin<\/a><\/p>\n<p><a href=\"https:\/\/www.masfuertequeelhierro.com\/blog\/2010\/05\/mas-alla-del-culturismo-beyond-bodybuilding\/\">Serie sobre el libro M\u00e1s all\u00e1 del culturismo (Beyond Bodybuilding) por Pavel Tsautsoline<\/a><\/p>\n<p><a href=\"https:\/\/www.masfuertequeelhierro.com\/blog\/2010\/05\/1-entrenamientos-solo-con-mancuernas\/\">17 Entrenamientos s\u00f3lo con mancuernas<\/a><\/p>\n<p><a href=\"https:\/\/www.masfuertequeelhierro.com\/blog\/2010\/06\/entrenamiento-de-arnold-y-variaciones\/\">Entrenamiento de Arnold y variaciones<\/a><\/p>\n<p><a href=\"https:\/\/www.masfuertequeelhierro.com\/blog\/2010\/06\/smolov-un-brutal-entrenamiento-de-piernas\/\">Smolov, un brutal entrenamiento de piernas<\/a><\/p>\n<p><a href=\"https:\/\/www.masfuertequeelhierro.com\/blog\/2012\/07\/entrenamiento-de-dos-dias-a-la-semana\/\">Entrenamiento de Dos D\u00edas a la Semana<\/a><\/p>\n<p><a href=\"https:\/\/www.masfuertequeelhierro.com\/blog\/2010\/07\/el-entrenamiento-max-ot\/\">El entrenamiento Max-OT<\/a><\/p>\n<p><a href=\"https:\/\/www.masfuertequeelhierro.com\/blog\/2010\/09\/como-hacer-100-flexiones\/\">C\u00f3mo hacer 100 flexiones<\/a><\/p>\n<p><a href=\"https:\/\/www.masfuertequeelhierro.com\/blog\/2010\/09\/variantes-del-sistema-531\/\">Variantes del sistema 5\/3\/1<\/a><\/p>\n<p><a href=\"https:\/\/www.masfuertequeelhierro.com\/blog\/2011\/03\/entrena-tus-antebrazos-y-mejora-tu-aspecto\/\">Entrena tus antebrazos y mejora tu aspecto<\/a><\/p>\n<p><a href=\"https:\/\/www.masfuertequeelhierro.com\/blog\/2010\/09\/anadir-musculo-o-llegar-a-20-dominadas-hft\/\">A\u00f1adir m\u00fasculo o llegar a 20 dominadas. HFT<\/a><\/p>\n<p><a href=\"https:\/\/www.masfuertequeelhierro.com\/blog\/2010\/09\/entrenamiento-hft-gemelos-recuperacion\/\">Entrenamiento HFT, Recuperaci\u00f3n y gemelos<\/a><\/p>\n<p><a href=\"https:\/\/www.masfuertequeelhierro.com\/blog\/2010\/10\/los-fundamentos-del-entrenamiento-de-fuerza-con-peso-corporal\/\">Fundamentos del entrenamiento de fuerza con peso corporal<\/a><\/p>\n<p><a href=\"https:\/\/www.masfuertequeelhierro.com\/blog\/2010\/10\/entrenamiento-de-combinacion\/\">Entrenamiento de combinaci\u00f3n<\/a><\/p>\n<p><a href=\"https:\/\/www.masfuertequeelhierro.com\/blog\/2012\/08\/rutina-de-entrenamiento-con-maquina-multiestacion\/\">Rutina de Entrenamiento con M\u00e1quina Multiestaci\u00f3n<\/a><\/p>\n<p><a href=\"https:\/\/www.masfuertequeelhierro.com\/blog\/2010\/12\/entrenamiento-con-dos-mancuernas-de-10kg\/\">Entrenamiento con dos mancuernas de 10 Kg<\/a><\/p>\n<p><a href=\"https:\/\/goo.gl\/NS4kS\">Entrenamiento Cl\u00e1sico de cuerpo completo: Steve Reeves<\/a><\/p>\n<p><a href=\"https:\/\/goo.gl\/IaSCb\">12 Plantillas de Entrenamiento, parte I<\/a><\/p>\n<p><a href=\"https:\/\/www.masfuertequeelhierro.com\/blog\/2012\/09\/12-plantillas-de-entrenamiento-parte-ii\/\">12 Plantillas de Entrenamiento, parte II<\/a><\/p>\n<p><a href=\"https:\/\/www.masfuertequeelhierro.com\/blog\/2013\/11\/entrenamiento-pesado-ligero-y-medio-bill-starr\/\">Entrenamiento Pesado, Ligero y Medio (Bill Starr)<\/a><\/p>\n<p><strong>Sistema FST-7<\/strong><\/p>\n<p><a href=\"https:\/\/www.masfuertequeelhierro.com\/blog\/2010\/12\/el-sistema-fst-7\/\">Parte I<\/a><br \/>\n<a href=\"https:\/\/www.masfuertequeelhierro.com\/blog\/?p=1789&amp;preview=true\">Parte II<\/a><\/p>\n<p><strong>M\u00e9todos para dominadas a 1 mano<\/strong><\/p>\n<p><a href=\"https:\/\/www.masfuertequeelhierro.com\/blog\/2010\/12\/dominadas-a-1-mano-metodos-i\/\">Dominadas a 1 mano: m\u00e9todos (I)<\/a><br \/>\n<a href=\"https:\/\/www.masfuertequeelhierro.com\/blog\/2010\/12\/dominadas-a-1-mano-metodos-ii\/\">Dominadas a 1 mano: m\u00e9todos (II)<\/a><br \/>\n<a href=\"https:\/\/www.masfuertequeelhierro.com\/blog\/2010\/12\/dominadas-a-1-mano-metodos-iii\/\">Dominadas a 1 mano: m\u00e9todos (III)<\/a><br \/>\n<a href=\"https:\/\/www.masfuertequeelhierro.com\/blog\/2011\/01\/dominadas-a-1-mano-metodos-iv\/\">Dominadas a 1 mano: m\u00e9todos (IV)<\/a><\/p>\n<h2>Cuerpo completo de Waterbury<\/h2>\n<p><a href=\"https:\/\/www.masfuertequeelhierro.com\/blog\/2011\/03\/entrenamiento-de-cuerpo-completo-parte-i\/\">Entrenamiento de cuerpo completo (parte I)<\/a><br \/>\n<a href=\"https:\/\/www.masfuertequeelhierro.com\/blog\/2011\/03\/entrenamiento-de-cuerpo-completo-parte-ii-fuerza-y-musculo\/\">Entrenamiento de cuerpo completo (parte II): Fuerza y m\u00fasculo<\/a><br \/>\n<a href=\"https:\/\/www.masfuertequeelhierro.com\/blog\/2011\/03\/entrenamiento-de-cuerpo-completo-parte-iii-perder-grasa\/\">Entrenamiento de cuerpo completo (parte III): perder grasa<\/a><\/p>\n<p><strong>Rutina A\/B MFQH<\/strong><\/p>\n<p><a href=\"https:\/\/www.masfuertequeelhierro.com\/blog\/2011\/04\/rutina-ab-mfqh-musculo-y-fuerza-i\/\">Rutina A\/B MFQH: M\u00fasculo y fuerza (I)<\/a><\/p>\n<p><a href=\"https:\/\/goo.gl\/irOt3\">Rutina A\/B MFQH: Variantes y consejos (II)<\/a><\/p>\n<p><a href=\"https:\/\/www.masfuertequeelhierro.com\/blog\/2015\/08\/rutina-ab-mfqh-pierna-una-variante-con-enfasis-en-piernas\/\">Rutina A\/B MFQH-Pierna<\/a><\/p>\n<p>************<\/p>\n<p><strong>Rutina HST MFQH<\/strong><\/p>\n<p><a href=\"https:\/\/www.masfuertequeelhierro.com\/blog\/2014\/02\/el-hst-mfqh-hipertrofia-sin-complicaciones\/\">El HST MFQH: Hipertrofia sin Complicaciones<\/a><\/p>\n<p><a href=\"https:\/\/www.masfuertequeelhierro.com\/blog\/2014\/02\/el-hst-mfqh-consejos-y-calculadora\/\">El HST MFQH: Consejos y Calculadora<\/a><\/p>\n<p>************<\/p>\n<p><strong>Rutina 5&#215;5 MFQH<\/strong><\/p>\n<p><a href=\"https:\/\/www.masfuertequeelhierro.com\/blog\/2011\/09\/el-5x5-mfqh-levanta-empuja-y-trepa\/\">El 5&#215;5 MFQH: Levanta, Empuja y Trepa<\/a><\/p>\n<p><a href=\"https:\/\/www.masfuertequeelhierro.com\/blog\/2013\/06\/haciendo-desaparecer-la-banca-bill-starr\/\">Haciendo Desaparecer la Banca (rutina para sustituir el P.Banca)<\/a><\/p>\n<p>************<\/p>\n<p><strong>Rutina Fuerza en Press MFQH<\/strong><\/p>\n<p><a href=\"https:\/\/www.masfuertequeelhierro.com\/blog\/2013\/12\/rutina-de-fuerza-en-press-mfqh\/\">Fuerza en Press MFQH<\/a><\/p>\n<p>***************<br \/>\n<a href=\"https:\/\/www.masfuertequeelhierro.com\/blog\/2011\/06\/entrenamiento-simple-de-potencia-explosiva\/\">Entrenamiento simple de potencia explosiva<\/a><\/p>\n<p><a href=\"https:\/\/www.masfuertequeelhierro.com\/blog\/2011\/07\/entrenamiento-de-gym-para-artes-marciales-mma\/\">Entrenamiento de gym para Artes Marciales \u2013 MMA<\/a><\/p>\n<p><a href=\"https:\/\/www.masfuertequeelhierro.com\/blog\/2013\/05\/entrenamiento-enfocado-a-las-artes-marciales\/\">Entrenamiento Enfocado a las Artes Marciales<\/a><\/p>\n<p><a href=\"https:\/\/www.masfuertequeelhierro.com\/blog\/2011\/09\/entrenamiento-de-peso-vivo-y-muerto\/\">Entrenamiento de peso vivo y muerto<\/a><\/p>\n<p><a href=\"https:\/\/www.masfuertequeelhierro.com\/blog\/2011\/11\/entrenamiento-con-una-sola-mancuerna\/\">Entrenamiento con una sola mancuerna<\/a><\/p>\n<p><a href=\"https:\/\/goo.gl\/PZBIl\">Entrenamiento del agarre con un artilugio barato<\/a><\/p>\n<p><a href=\"https:\/\/www.masfuertequeelhierro.com\/blog\/2012\/03\/las-flexiones-a-una-mano-por-al-kavadlo\/\">Las Flexiones a una Mano por Al Kavadlo<\/a><\/p>\n<p><a href=\"https:\/\/www.masfuertequeelhierro.com\/blog\/2012\/04\/rutina-torso-pierna-con-mancuernas-y-barra-de-dominadas\/\">Rutina Torso \/ Pierna con Mancuernas y Barra de Dominadas<\/a><\/p>\n<h2>Crossfit<\/h2>\n<p><a href=\"https:\/\/www.masfuertequeelhierro.com\/blog\/2013\/10\/crossfit-entrenamientos-wods-para-principiantes\/\">Crossfit: Entrenamientos para principiantes<\/a><\/p>\n<p><a href=\"https:\/\/www.masfuertequeelhierro.com\/blog\/2012\/05\/crossfit-rutinas-con-peso-corporal\/\">Crossfit: Rutinas con peso corporal<\/a><\/p>\n<p><a href=\"https:\/\/www.masfuertequeelhierro.com\/blog\/2012\/06\/crossfit-rutinas-variadas-chicas\/\">Crossfit: Rutinas Variadas (Chicas)<\/a><\/p>\n<p><a href=\"https:\/\/www.masfuertequeelhierro.com\/blog\/2012\/06\/crossfit-rutinas-variadas-heroes\/\">Crossfit: Rutinas Variadas (H\u00e9roes)<\/a><\/p>\n<p><a href=\"https:\/\/www.masfuertequeelhierro.com\/blog\/2012\/09\/crossfit-plan-de-entrenamiento-de-1-mes\/\">Crossfit: Plan de Entrenamiento de 1 Mes<\/a><\/p>\n<p><a href=\"https:\/\/www.masfuertequeelhierro.com\/blog\/2014\/09\/crossfit-sin-lesiones-un-plan-de-programacion\/\">Crossfit sin lesiones: Un plan de programaci\u00f3n<\/a><\/p>\n<h2>Kettlebells<\/h2>\n<p><a href=\"https:\/\/www.masfuertequeelhierro.com\/blog\/2012\/05\/kettlebells-entrenamientos-en-circuito\/\">Kettlebells: Entrenamientos en Circuito<\/a><\/p>\n<p><a href=\"https:\/\/www.masfuertequeelhierro.com\/blog\/2011\/01\/escaleras-hipertrofia-fuerz\/\">Escaleras RKC: Hipertrofia y fuerza<\/a><\/p>\n<p><a href=\"https:\/\/www.masfuertequeelhierro.com\/blog\/2013\/04\/entrenamiento-combinado-de-kettlebell-de-9-minutos\/\">Entrenamiento Combinado de Kettlebell de 9 Minutos<\/a><\/p>\n<p><a href=\"https:\/\/www.masfuertequeelhierro.com\/blog\/2017\/03\/entrenamientos-con-una-sola-kettlebell\/\">Entrenamientos con una sola kettlebell<\/a><\/p>\n<p><a href=\"https:\/\/www.masfuertequeelhierro.com\/blog\/2018\/04\/entrenamiento-con-kettlebells-5x5\/\">Entrenamiento 5&#215;5 con kettlebells<\/a><\/p>\n<h2>Clubbells<\/h2>\n<p><a href=\"https:\/\/www.masfuertequeelhierro.com\/blog\/2013\/02\/entrenando-con-clubbells-mazas-mma\/\">Entrenando con Clubbells \u2013 Mazas (MMA)<\/a><\/p>\n<h2>Powerlifting<\/h2>\n<p><a href=\"https:\/\/www.masfuertequeelhierro.com\/blog\/2013\/01\/el-entrenamiento-conjugado-westside-barbell-guia-de-usuario\/\">El Entrenamiento Conjugado Westside Barbell: Gu\u00eda de Usuario<\/a><\/p>\n<p><a href=\"https:\/\/www.masfuertequeelhierro.com\/blog\/2013\/01\/ejemplos-esfuerzo-maxim\/\">Westside Barbell: Ejemplos de Esfuerzo M\u00e1ximo<\/a><\/p>\n<p><a href=\"https:\/\/www.masfuertequeelhierro.com\/blog\/2013\/01\/westside-barbell-metodo-de-esfuerzo-dinamico\/\">Westside Barbell: M\u00e9todo de Esfuerzo Din\u00e1mico<\/a><\/p>\n<p><a href=\"https:\/\/www.masfuertequeelhierro.com\/blog\/2013\/05\/el-sistema-de-entrenamiento-sheiko\/\">El Sistema de Entrenamiento Sheiko<\/a><\/p>\n<h2>Entrenamiento para Mujeres<\/h2>\n<p><a href=\"https:\/\/www.masfuertequeelhierro.com\/blog\/2013\/04\/conseguir-que-tu-chica-entrene-entrenamiento-para-chicas-parte-i\/\">Conseguir que Tu Chica Entrene \u2013 Entrenamiento Para Chicas (Parte I)<\/a><\/p>\n<p><a href=\"https:\/\/www.masfuertequeelhierro.com\/blog\/2013\/04\/conseguir-que-tu-chica-entrene-entrenamiento-para-chicas-parte-ii\/\">Conseguir que Tu Chica Entrene \u2013 Entrenamiento Para Chicas (Parte II)<\/a><\/p>\n<p><a href=\"https:\/\/www.masfuertequeelhierro.com\/blog\/2014\/08\/anadir-fuerza-a-tu-rutina-de-entrenamiento\/\">A\u00f1adir fuerza a tu rutina de entrenamiento<\/a><\/p>\n<h2>TRX<\/h2>\n<p><a href=\"https:\/\/www.masfuertequeelhierro.com\/blog\/2017\/05\/rutina-trx-etf-de-4-semanas-para-masa-muscular\/\">Entrenamiento ETF con TRX<\/a><\/p>\n<p><a href=\"https:\/\/www.masfuertequeelhierro.com\/blog\/2015\/07\/rutina-trx-en-casa-principiante-total-a-un-poco-mas-avanzado\/\">Entrenamiento TRX de principiante a un poco m\u00e1s avanzado<\/a><\/p>\n","protected":false},"excerpt":{"rendered":"<p>En esta secci\u00f3n se recopilan rutinas y sistemas de entrenamiento en culturismo y musculaci\u00f3n. Tambi\u00e9n hay lugar para rutinas de entrenamiento de fuerza. Entrenamiento empuj\u00f3n, tir\u00f3n, pierna El programa Mr. Universo de 32 semanas de Reg Park Entrenamiento cl\u00e1sico de John Grimek Rutina con peso corporal convict conditioning REVISADO Entrenamiento Push\/Pull (Tir\u00f3n\/Empuj\u00f3n) Entrenamiento Bulldozer. Principios [&hellip;]<\/p>\n","protected":false},"author":1,"featured_media":0,"parent":0,"menu_order":3,"comment_status":"open","ping_status":"open","template":"","meta":{"footnotes":""},"class_list":["post-108","page","type-page","status-publish","hentry"],"jetpack_sharing_enabled":true,"_links":{"self":[{"href":"https:\/\/masfuertequeelhierro.com\/blog\/wp-json\/wp\/v2\/pages\/108","targetHints":{"allow":["GET"]}}],"collection":[{"href":"https:\/\/masfuertequeelhierro.com\/blog\/wp-json\/wp\/v2\/pages"}],"about":[{"href":"https:\/\/masfuertequeelhierro.com\/blog\/wp-json\/wp\/v2\/types\/page"}],"author":[{"embeddable":true,"href":"https:\/\/masfuertequeelhierro.com\/blog\/wp-json\/wp\/v2\/users\/1"}],"replies":[{"embeddable":true,"href":"https:\/\/masfuertequeelhierro.com\/blog\/wp-json\/wp\/v2\/comments?post=108"}],"version-history":[{"count":124,"href":"https:\/\/masfuertequeelhierro.com\/blog\/wp-json\/wp\/v2\/pages\/108\/revisions"}],"predecessor-version":[{"id":13512,"href":"https:\/\/masfuertequeelhierro.com\/blog\/wp-json\/wp\/v2\/pages\/108\/revisions\/13512"}],"wp:attachment":[{"href":"https:\/\/masfuertequeelhierro.com\/blog\/wp-json\/wp\/v2\/media?parent=108"}],"curies":[{"name":"wp","href":"https:\/\/api.w.org\/{rel}","templated":true}]}}